[INFO] fetching crate wasmer-engine-dummy 1.0.0-alpha01.0...
[INFO] checking wasmer-engine-dummy-1.0.0-alpha01.0 against master#e6e4f7ed1589e03bc2f6c5931c1a72e7947e8682 for beta-170-4
[INFO] extracting crate wasmer-engine-dummy 1.0.0-alpha01.0 into /workspace/builds/worker-1-tc2/source
[INFO] validating manifest of crates.io crate wasmer-engine-dummy 1.0.0-alpha01.0 on toolchain e6e4f7ed1589e03bc2f6c5931c1a72e7947e8682
[INFO] running `Command { std: CARGO_HOME="/workspace/cargo-home" RUSTUP_HOME="/workspace/rustup-home" "/workspace/cargo-home/bin/cargo" "+e6e4f7ed1589e03bc2f6c5931c1a72e7947e8682" "metadata" "--manifest-path" "Cargo.toml" "--no-deps", kill_on_drop: false }`
[INFO] started tweaking crates.io crate wasmer-engine-dummy 1.0.0-alpha01.0
[INFO] finished tweaking crates.io crate wasmer-engine-dummy 1.0.0-alpha01.0
[INFO] tweaked toml for crates.io crate wasmer-engine-dummy 1.0.0-alpha01.0 written to /workspace/builds/worker-1-tc2/source/Cargo.toml
[INFO] running `Command { std: CARGO_HOME="/workspace/cargo-home" RUSTUP_HOME="/workspace/rustup-home" __CARGO_TEST_CHANNEL_OVERRIDE_DO_NOT_USE_THIS="nightly" "/workspace/cargo-home/bin/cargo" "+e6e4f7ed1589e03bc2f6c5931c1a72e7947e8682" "generate-lockfile" "--manifest-path" "Cargo.toml" "-Zno-index-update", kill_on_drop: false }`
[INFO] running `Command { std: CARGO_HOME="/workspace/cargo-home" RUSTUP_HOME="/workspace/rustup-home" "/workspace/cargo-home/bin/cargo" "+e6e4f7ed1589e03bc2f6c5931c1a72e7947e8682" "fetch" "--manifest-path" "Cargo.toml", kill_on_drop: false }`
[INFO] running `Command { std: "docker" "create" "-v" "/var/lib/crater-agent-workspace/builds/worker-1-tc2/target:/opt/rustwide/target:rw,Z" "-v" "/var/lib/crater-agent-workspace/builds/worker-1-tc2/source:/opt/rustwide/workdir:ro,Z" "-v" "/var/lib/crater-agent-workspace/cargo-home:/opt/rustwide/cargo-home:ro,Z" "-v" "/var/lib/crater-agent-workspace/rustup-home:/opt/rustwide/rustup-home:ro,Z" "-e" "SOURCE_DIR=/opt/rustwide/workdir" "-e" "CARGO_TARGET_DIR=/opt/rustwide/target" "-e" "CARGO_HOME=/opt/rustwide/cargo-home" "-e" "RUSTUP_HOME=/opt/rustwide/rustup-home" "-w" "/opt/rustwide/workdir" "-m" "1610612736" "--user" "0:0" "--network" "none" "ghcr.io/rust-lang/crates-build-env/linux@sha256:19e73879b68f455e41552ea35293514db52ea292d993f571636dbffedb77a1ee" "/opt/rustwide/cargo-home/bin/cargo" "+e6e4f7ed1589e03bc2f6c5931c1a72e7947e8682" "metadata" "--no-deps" "--format-version=1", kill_on_drop: false }`
[INFO] [stdout] a17b0abd64efab7e53ec21888c6987ddab4da55d1f735bd613bebd11209a0b6c
[INFO] running `Command { std: "docker" "start" "-a" "a17b0abd64efab7e53ec21888c6987ddab4da55d1f735bd613bebd11209a0b6c", kill_on_drop: false }`
[INFO] running `Command { std: "docker" "inspect" "a17b0abd64efab7e53ec21888c6987ddab4da55d1f735bd613bebd11209a0b6c", kill_on_drop: false }`
[INFO] running `Command { std: "docker" "rm" "-f" "a17b0abd64efab7e53ec21888c6987ddab4da55d1f735bd613bebd11209a0b6c", kill_on_drop: false }`
[INFO] [stdout] a17b0abd64efab7e53ec21888c6987ddab4da55d1f735bd613bebd11209a0b6c
[INFO] running `Command { std: "docker" "create" "-v" "/var/lib/crater-agent-workspace/builds/worker-1-tc2/target:/opt/rustwide/target:rw,Z" "-v" "/var/lib/crater-agent-workspace/builds/worker-1-tc2/source:/opt/rustwide/workdir:ro,Z" "-v" "/var/lib/crater-agent-workspace/cargo-home:/opt/rustwide/cargo-home:ro,Z" "-v" "/var/lib/crater-agent-workspace/rustup-home:/opt/rustwide/rustup-home:ro,Z" "-e" "SOURCE_DIR=/opt/rustwide/workdir" "-e" "CARGO_TARGET_DIR=/opt/rustwide/target" "-e" "CARGO_INCREMENTAL=0" "-e" "RUST_BACKTRACE=full" "-e" "RUSTFLAGS=--cap-lints=forbid" "-e" "RUSTDOCFLAGS=--cap-lints=forbid" "-e" "CARGO_HOME=/opt/rustwide/cargo-home" "-e" "RUSTUP_HOME=/opt/rustwide/rustup-home" "-w" "/opt/rustwide/workdir" "-m" "1610612736" "--user" "0:0" "--network" "none" "ghcr.io/rust-lang/crates-build-env/linux@sha256:19e73879b68f455e41552ea35293514db52ea292d993f571636dbffedb77a1ee" "/opt/rustwide/cargo-home/bin/cargo" "+e6e4f7ed1589e03bc2f6c5931c1a72e7947e8682" "check" "--frozen" "--all" "--all-targets" "--message-format=json", kill_on_drop: false }`
[INFO] [stdout] 00549504d2b34e2d2969bffb5793a0207f031c668b4205580a9f5884413129c2
[INFO] running `Command { std: "docker" "start" "-a" "00549504d2b34e2d2969bffb5793a0207f031c668b4205580a9f5884413129c2", kill_on_drop: false }`
[INFO] [stderr]    Compiling serde v1.0.163
[INFO] [stderr]    Compiling autocfg v1.1.0
[INFO] [stderr]    Compiling cc v1.0.79
[INFO] [stderr]    Compiling memchr v2.5.0
[INFO] [stderr]    Compiling ident_case v1.0.1
[INFO] [stderr]    Compiling fnv v1.0.7
[INFO] [stderr]    Compiling syn v2.0.18
[INFO] [stderr]    Compiling thiserror v1.0.40
[INFO] [stderr]     Checking gimli v0.27.2
[INFO] [stderr]     Checking adler v1.0.2
[INFO] [stderr]     Checking rustc-demangle v0.1.23
[INFO] [stderr]     Checking miniz_oxide v0.6.2
[INFO] [stderr]     Checking hashbrown v0.12.3
[INFO] [stderr]    Compiling target-lexicon v0.11.2
[INFO] [stderr]    Compiling indexmap v1.9.3
[INFO] [stderr]    Compiling memoffset v0.6.5
[INFO] [stderr]     Checking object v0.30.3
[INFO] [stderr]     Checking region v2.2.0
[INFO] [stderr]     Checking more-asserts v0.2.2
[INFO] [stderr]     Checking cfg-if v0.1.10
[INFO] [stderr]     Checking wasmparser v0.65.0
[INFO] [stderr]     Checking smallvec v1.10.0
[INFO] [stderr]     Checking memmap2 v0.2.3
[INFO] [stderr]    Compiling backtrace v0.3.67
[INFO] [stderr]    Compiling wasmer-vm v1.0.2
[INFO] [stderr]     Checking addr2line v0.19.0
[INFO] [stderr]    Compiling darling_core v0.20.1
[INFO] [stderr]    Compiling serde_derive v1.0.163
[INFO] [stderr]    Compiling thiserror-impl v1.0.40
[INFO] [stderr]    Compiling darling_macro v0.20.1
[INFO] [stderr]    Compiling darling v0.20.1
[INFO] [stderr]    Compiling enumset_derive v0.8.1
[INFO] [stderr]     Checking enumset v1.1.2
[INFO] [stderr]     Checking cranelift-entity v0.68.0
[INFO] [stderr]     Checking serde_bytes v0.11.9
[INFO] [stderr]     Checking bincode v1.3.3
[INFO] [stderr]     Checking wasmer-types v1.0.2
[INFO] [stderr]     Checking wasmer-compiler v1.0.2
[INFO] [stderr]     Checking wasmer-engine v1.0.2
[INFO] [stderr]     Checking wasmer-engine-dummy v1.0.0-alpha01.0 (/opt/rustwide/workdir)
[INFO] [stdout] error[E0432]: unresolved imports `wasmer_compiler::wasmparser::OperatorValidatorConfig`, `wasmer_compiler::wasmparser::ValidatingParserConfig`
[INFO] [stdout]   --> src/engine.rs:70:23
[INFO] [stdout]    |
[INFO] [stdout] 70 |             validate, OperatorValidatorConfig, ValidatingParserConfig,
[INFO] [stdout]    |                       ^^^^^^^^^^^^^^^^^^^^^^^  ^^^^^^^^^^^^^^^^^^^^^^ no `ValidatingParserConfig` in the root
[INFO] [stdout]    |                       |
[INFO] [stdout]    |                       no `OperatorValidatorConfig` in the root
[INFO] [stdout] 
[INFO] [stdout] 
[INFO] [stdout] error[E0432]: unresolved imports `wasmer_compiler::wasmparser::OperatorValidatorConfig`, `wasmer_compiler::wasmparser::ValidatingParserConfig`
[INFO] [stdout]   --> src/engine.rs:70:23
[INFO] [stdout]    |
[INFO] [stdout] 70 |             validate, OperatorValidatorConfig, ValidatingParserConfig,
[INFO] [stdout]    |                       ^^^^^^^^^^^^^^^^^^^^^^^  ^^^^^^^^^^^^^^^^^^^^^^ no `ValidatingParserConfig` in the root
[INFO] [stdout]    |                       |
[INFO] [stdout]    |                       no `OperatorValidatorConfig` in the root
[INFO] [stdout] 
[INFO] [stdout] 
[INFO] [stdout] error[E0407]: method `function_call_trampoline` is not a member of trait `Engine`
[INFO] [stdout]   --> src/engine.rs:62:5
[INFO] [stdout]    |
[INFO] [stdout] 62 | /     fn function_call_trampoline(&self, _sig: VMSharedSignatureIndex) -> Option<VMTrampoline> {
[INFO] [stdout] 63 | |         Some(dummy_trampoline)
[INFO] [stdout] 64 | |     }
[INFO] [stdout]    | |_____^ not a member of trait `Engine`
[INFO] [stdout] 
[INFO] [stdout] 
[INFO] [stdout] error[E0407]: method `function_call_trampoline` is not a member of trait `Engine`
[INFO] [stdout]   --> src/engine.rs:62:5
[INFO] [stdout]    |
[INFO] [stdout] 62 | /     fn function_call_trampoline(&self, _sig: VMSharedSignatureIndex) -> Option<VMTrampoline> {
[INFO] [stdout] 63 | |         Some(dummy_trampoline)
[INFO] [stdout] 64 | |     }
[INFO] [stdout]    | |_____^ not a member of trait `Engine`
[INFO] [stdout] 
[INFO] [stdout] 
[INFO] [stdout] error[E0046]: not all trait items implemented, missing: `finished_function_call_trampolines`
[INFO] [stdout]    --> src/artifact.rs:181:1
[INFO] [stdout]     |
[INFO] [stdout] 181 | impl Artifact for DummyArtifact {
[INFO] [stdout]     | ^^^^^^^^^^^^^^^^^^^^^^^^^^^^^^^ missing `finished_function_call_trampolines` in implementation
[INFO] [stdout]     |
[INFO] [stdout]     = help: implement the missing item: `fn finished_function_call_trampolines(&self) -> &BoxedSlice<SignatureIndex, unsafe extern "C" fn(*mut VMContext, *const VMFunctionBody, *mut u128)> { todo!() }`
[INFO] [stdout] 
[INFO] [stdout] 
[INFO] [stdout] error[E0046]: not all trait items implemented, missing: `finished_function_call_trampolines`
[INFO] [stdout]    --> src/artifact.rs:181:1
[INFO] [stdout]     |
[INFO] [stdout] 181 | impl Artifact for DummyArtifact {
[INFO] [stdout]     | ^^^^^^^^^^^^^^^^^^^^^^^^^^^^^^^ missing `finished_function_call_trampolines` in implementation
[INFO] [stdout]     |
[INFO] [stdout]     = help: implement the missing item: `fn finished_function_call_trampolines(&self) -> &BoxedSlice<SignatureIndex, unsafe extern "C" fn(*mut VMContext, *const VMFunctionBody, *mut u128)> { todo!() }`
[INFO] [stdout] 
[INFO] [stdout] 
[INFO] [stdout] error[E0308]: mismatched types
[INFO] [stdout]    --> src/artifact.rs:140:33
[INFO] [stdout]     |
[INFO] [stdout] 140 |                 FunctionBodyPtr(func_pointer)
[INFO] [stdout]     |                 --------------- ^^^^^^^^^^^^ expected `*const VMFunctionBody`, found `*mut [VMFunctionBody]`
[INFO] [stdout]     |                 |
[INFO] [stdout]     |                 arguments to this struct are incorrect
[INFO] [stdout]     |
[INFO] [stdout]     = note: expected raw pointer `*const VMFunctionBody`
[INFO] [stdout]                found raw pointer `*mut [VMFunctionBody]`
[INFO] [stdout] note: tuple struct defined here
[INFO] [stdout]    --> /opt/rustwide/cargo-home/registry/src/index.crates.io-6f17d22bba15001f/wasmer-vm-1.0.2/src/lib.rs:66:12
[INFO] [stdout]     |
[INFO] [stdout] 66  | pub struct FunctionBodyPtr(pub *const VMFunctionBody);
[INFO] [stdout]     |            ^^^^^^^^^^^^^^^
[INFO] [stdout] 
[INFO] [stdout] 
[INFO] [stdout] error[E0308]: mismatched types
[INFO] [stdout]    --> src/artifact.rs:140:33
[INFO] [stdout]     |
[INFO] [stdout] 140 |                 FunctionBodyPtr(func_pointer)
[INFO] [stdout]     |                 --------------- ^^^^^^^^^^^^ expected `*const VMFunctionBody`, found `*mut [VMFunctionBody]`
[INFO] [stdout]     |                 |
[INFO] [stdout]     |                 arguments to this struct are incorrect
[INFO] [stdout]     |
[INFO] [stdout]     = note: expected raw pointer `*const VMFunctionBody`
[INFO] [stdout]                found raw pointer `*mut [VMFunctionBody]`
[INFO] [stdout] note: tuple struct defined here
[INFO] [stdout]    --> /opt/rustwide/cargo-home/registry/src/index.crates.io-6f17d22bba15001f/wasmer-vm-1.0.2/src/lib.rs:66:12
[INFO] [stdout]     |
[INFO] [stdout] 66  | pub struct FunctionBodyPtr(pub *const VMFunctionBody);
[INFO] [stdout]     |            ^^^^^^^^^^^^^^^
[INFO] [stdout] 
[INFO] [stdout] 
[INFO] [stdout] error[E0308]: mismatched types
[INFO] [stdout]    --> src/artifact.rs:149:21
[INFO] [stdout]     |
[INFO] [stdout] 149 | /                     std::mem::transmute::<_, *mut [VMFunctionBody]>((
[INFO] [stdout] 150 | |                         dummy_function as *const (),
[INFO] [stdout] 151 | |                         0,
[INFO] [stdout] 152 | |                     ))
[INFO] [stdout]     | |______________________^ expected `*const VMFunctionBody`, found `*mut [VMFunctionBody]`
[INFO] [stdout]     |
[INFO] [stdout]     = note: expected raw pointer `*const VMFunctionBody`
[INFO] [stdout]                found raw pointer `*mut [VMFunctionBody]`
[INFO] [stdout] 
[INFO] [stdout] 
[INFO] [stdout] error[E0308]: mismatched types
[INFO] [stdout]    --> src/artifact.rs:149:21
[INFO] [stdout]     |
[INFO] [stdout] 149 | /                     std::mem::transmute::<_, *mut [VMFunctionBody]>((
[INFO] [stdout] 150 | |                         dummy_function as *const (),
[INFO] [stdout] 151 | |                         0,
[INFO] [stdout] 152 | |                     ))
[INFO] [stdout]     | |______________________^ expected `*const VMFunctionBody`, found `*mut [VMFunctionBody]`
[INFO] [stdout]     |
[INFO] [stdout]     = note: expected raw pointer `*const VMFunctionBody`
[INFO] [stdout]                found raw pointer `*mut [VMFunctionBody]`
[INFO] [stdout] 
[INFO] [stdout] 
[INFO] [stdout] error[E0061]: this function takes 1 argument but 2 arguments were supplied
[INFO] [stdout]   --> src/engine.rs:84:9
[INFO] [stdout]    |
[INFO] [stdout] 84 |         validate(binary, Some(config)).map_err(|e| CompileError::Validate(format!("{}", e)))
[INFO] [stdout]    |         ^^^^^^^^       --------------
[INFO] [stdout]    |                        | |
[INFO] [stdout]    |                        | unexpected argument
[INFO] [stdout]    |                        help: remove the extra argument
[INFO] [stdout]    |
[INFO] [stdout] note: function defined here
[INFO] [stdout]   --> /opt/rustwide/cargo-home/registry/src/index.crates.io-6f17d22bba15001f/wasmparser-0.65.0/src/validator.rs:39:8
[INFO] [stdout]    |
[INFO] [stdout] 39 | pub fn validate(bytes: &[u8]) -> Result<()> {
[INFO] [stdout]    |        ^^^^^^^^
[INFO] [stdout] 
[INFO] [stdout] 
[INFO] [stdout] error[E0061]: this function takes 1 argument but 2 arguments were supplied
[INFO] [stdout]   --> src/engine.rs:84:9
[INFO] [stdout]    |
[INFO] [stdout] 84 |         validate(binary, Some(config)).map_err(|e| CompileError::Validate(format!("{}", e)))
[INFO] [stdout]    |         ^^^^^^^^       --------------
[INFO] [stdout]    |                        | |
[INFO] [stdout]    |                        | unexpected argument
[INFO] [stdout]    |                        help: remove the extra argument
[INFO] [stdout]    |
[INFO] [stdout] note: function defined here
[INFO] [stdout]   --> /opt/rustwide/cargo-home/registry/src/index.crates.io-6f17d22bba15001f/wasmparser-0.65.0/src/validator.rs:39:8
[INFO] [stdout]    |
[INFO] [stdout] 39 | pub fn validate(bytes: &[u8]) -> Result<()> {
[INFO] [stdout]    |        ^^^^^^^^
[INFO] [stdout] 
[INFO] [stdout] 
[INFO] [stdout] error: aborting due to 6 previous errors
[INFO] [stdout] 
[INFO] [stdout] 
[INFO] [stdout] Some errors have detailed explanations: E0046, E0061, E0308, E0407, E0432.
[INFO] [stdout] 
[INFO] [stdout] For more information about an error, try `rustc --explain E0046`.
[INFO] [stdout] 
[INFO] [stderr] error: could not compile `wasmer-engine-dummy` (lib test) due to 7 previous errors
[INFO] [stdout] error: aborting due to 6 previous errors
[INFO] [stdout] 
[INFO] [stdout] 
[INFO] [stderr] warning: build failed, waiting for other jobs to finish...
[INFO] [stdout] Some errors have detailed explanations: E0046, E0061, E0308, E0407, E0432.
[INFO] [stdout] 
[INFO] [stdout] For more information about an error, try `rustc --explain E0046`.
[INFO] [stdout] 
[INFO] [stderr] error: could not compile `wasmer-engine-dummy` (lib) due to 7 previous errors
[INFO] running `Command { std: "docker" "inspect" "00549504d2b34e2d2969bffb5793a0207f031c668b4205580a9f5884413129c2", kill_on_drop: false }`
[INFO] running `Command { std: "docker" "rm" "-f" "00549504d2b34e2d2969bffb5793a0207f031c668b4205580a9f5884413129c2", kill_on_drop: false }`
[INFO] [stdout] 00549504d2b34e2d2969bffb5793a0207f031c668b4205580a9f5884413129c2
